{"id":15,"date":"2017-10-08T22:20:52","date_gmt":"2017-10-08T20:20:52","guid":{"rendered":"http:\/\/esmpbadminton.com\/?page_id=15"},"modified":"2024-09-04T07:55:32","modified_gmt":"2024-09-04T05:55:32","slug":"les-inscriptions","status":"publish","type":"page","link":"https:\/\/esmpbadminton.com\/index.php\/le-club\/les-inscriptions\/","title":{"rendered":"Inscriptions"},"content":{"rendered":"<p><strong>Les inscriptions sont d\u00e9sormais ouvertes !<\/strong><\/p>\n<p><strong>Tarifs :<\/strong><\/p>\n<ul>\n<li><strong>Licence annuelle :<\/strong> 95\u20ac<\/li>\n<li><strong>R\u00e9duction :<\/strong> 5\u20ac \u00e0 partir du 2\u00e8me adh\u00e9rent d&#8217;un m\u00eame foyer<\/li>\n<\/ul>\n<p><strong>Important :<\/strong><\/p>\n<ul>\n<li><strong>Inscription en ligne :<\/strong>\n<ul>\n<li>Pour vous inscrire si vous n&#8217;\u00e9tiez pas inscrit l&#8217;ann\u00e9e derni\u00e8re \u00e0 la FFBAD, veuillez suivre ce lien : <a href=\"https:\/\/adherer.myffbad.fr\/ESMP28\">https:\/\/adherer.myffbad.fr\/ESMP28<\/a>,<\/li>\n<li>Pour les autres, le plus simple est de consulter sa fiche joueur en se connectant \u00e0 <a href=\"https:\/\/myffbad.fr\/connexion\">https:\/\/myffbad.fr\/connexion<\/a>,\n<ul>\n<li>Pour renouveler: cliquer sur le bouton &#8220;renouveler&#8221;,<\/li>\n<li>Pour une mutation ou une licence ext\u00e9rieure (double licence), rechercher le club ESMP, et cliquer sur &#8220;adh\u00e9rer&#8221;.<\/li>\n<\/ul>\n<\/li>\n<\/ul>\n<\/li>\n<li><strong>Date limite :<\/strong> apr\u00e8s la date du 31 ao\u00fbt 2024, il ne sera plus possible de s\u2019entrainer tant que votre licence ne sera pas renouvel\u00e9e.<\/li>\n<li><strong>S\u00e9ance d&#8217;essai<\/strong> : deux s\u00e9ances d&#8217;essais sont possibles mais seulement pour les nouveaux joueurs de badminton. Les anciens licenci\u00e9s de la saison pr\u00e9c\u00e9dente doivent prendre leur licence avant de pouvoir reprendre les s\u00e9ances d&#8217;entrainement.<\/li>\n<\/ul>\n","protected":false},"excerpt":{"rendered":"<div class=\"mh-excerpt\"><p>Les inscriptions sont d\u00e9sormais ouvertes ! Tarifs : Licence annuelle : 95\u20ac R\u00e9duction : 5\u20ac \u00e0 partir du 2\u00e8me adh\u00e9rent d&#8217;un m\u00eame foyer Important : <a class=\"mh-excerpt-more\" href=\"https:\/\/esmpbadminton.com\/index.php\/le-club\/les-inscriptions\/\" title=\"Inscriptions\">[&#8230;]<\/a><\/p>\n<\/div>","protected":false},"author":1,"featured_media":0,"parent":10,"menu_order":0,"comment_status":"closed","ping_status":"closed","template":"","meta":{"footnotes":""},"class_list":["post-15","page","type-page","status-publish","hentry"],"_links":{"self":[{"href":"https:\/\/esmpbadminton.com\/index.php\/wp-json\/wp\/v2\/pages\/15"}],"collection":[{"href":"https:\/\/esmpbadminton.com\/index.php\/wp-json\/wp\/v2\/pages"}],"about":[{"href":"https:\/\/esmpbadminton.com\/index.php\/wp-json\/wp\/v2\/types\/page"}],"author":[{"embeddable":true,"href":"https:\/\/esmpbadminton.com\/index.php\/wp-json\/wp\/v2\/users\/1"}],"replies":[{"embeddable":true,"href":"https:\/\/esmpbadminton.com\/index.php\/wp-json\/wp\/v2\/comments?post=15"}],"version-history":[{"count":38,"href":"https:\/\/esmpbadminton.com\/index.php\/wp-json\/wp\/v2\/pages\/15\/revisions"}],"predecessor-version":[{"id":2708,"href":"https:\/\/esmpbadminton.com\/index.php\/wp-json\/wp\/v2\/pages\/15\/revisions\/2708"}],"up":[{"embeddable":true,"href":"https:\/\/esmpbadminton.com\/index.php\/wp-json\/wp\/v2\/pages\/10"}],"wp:attachment":[{"href":"https:\/\/esmpbadminton.com\/index.php\/wp-json\/wp\/v2\/media?parent=15"}],"curies":[{"name":"wp","href":"https:\/\/api.w.org\/{rel}","templated":true}]}}